{"id":1326,"date":"2023-10-20T16:50:34","date_gmt":"2023-10-20T14:50:34","guid":{"rendered":"https:\/\/restgeraeusche.de\/?page_id=1326"},"modified":"2024-02-08T19:24:29","modified_gmt":"2024-02-08T17:24:29","slug":"endlosband","status":"publish","type":"page","link":"https:\/\/restgeraeusche.de\/?page_id=1326","title":{"rendered":"Endlosband"},"content":{"rendered":"<p style=\"text-align: center;\"><span style=\"font-size: 14pt; font-family: arial, helvetica, sans-serif;\"><strong>Endlosband<\/strong><\/span><\/p>\n<p style=\"text-align: justify;\"><a href=\"https:\/\/www.radio-rum.de\/\" target=\"_blank\" rel=\"noopener\"><img loading=\"lazy\" decoding=\"async\" class=\"size-full wp-image-1343 alignleft\" src=\"https:\/\/restgeraeusche.de\/wp-content\/uploads\/2023\/10\/Zwischenablage01.png\" alt=\"Bandsalat\" width=\"300\" height=\"169\" \/>Radio Unerh\u00f6rt Marburg e.V.<\/a> ist ein freies, unabh\u00e4ngiges, 24h-Radio. Das bedeutet, es existiert ein \u00bbRund-um-die-Uhr\u00ab-Programm aus dem Bereich Wort &amp; Musik. Als offenes Radio wird dieses Programm, im allgemeinen ohne Entlohnung, von freien Mitarbeiterinnen und Mitarbeitern erstellt. Entweder als Einzelperson oder Redaktion. Diese machen das f\u00fcr ihre (studentische) Ausbildung, z.B. im Bereich Medien, oder im privaten Rahmen. Nat\u00fcrlich kann nicht Tag und Nacht jemand Live vor Ort sein. Neben Wiederholungen von Livesendungen greift in den offenen Sendezeiten das \u00bbEndlosband\u00ab. Auch dieses wird von den Mitarbeiterinnen und Mitarbeitern zusammengestellt. Im t\u00e4glichen Wechsel wird aus einer Playlist per Zufall ein \u00bbNebenprogramm\u00ab erstellt. Ich habe mich bereit erkl\u00e4rt, ab Oktober 2023 den \u00bboffenen Montag\u00ab zu beschallen. Dabei h\u00f6rt ihr im allgemeinen Musik abseits des Mainstreams. Was nat\u00fcrlich nicht hei\u00dft, dass auch mal ein (alter) Chartbreaker vorkommt. Von den echten \u00bbrest\/ger\u00e4uschen\u00ab werdet ihr aber verschont. Meistens&#8230; Es ist eine andere Sicht meiner Liebe zur Musik. Viel Spa\u00df!<\/p>\n<p style=\"text-align: justify;\">Unter dem Men\u00fcpunkt \u00bb<a href=\"https:\/\/restgeraeusche.de\/?cat=29\">Endlosband \/ Playlist<\/a>\u00ab findet ihr immer die aktuelle Playlist und die Sendezeiten. Die Playlist wird alle zwei Monate am Monatsanfang gewechselt (ungerade Monate). Noch ein kleiner Hinweis: Vieles kommt urspr\u00fcnglich von Vinyl, und manche dieser Scheiben sind 50+ Jahre alt. Daher kann es schon mal knistern.<\/p>\n<p>Stand: 20. Oktober 2023, angepasst am 09. Februar 2024<\/p>\n<div class=\"shariff shariff-align-left shariff-widget-align-left\" data-services=\"facebook\" data-url=\"https:\/\/restgeraeusche.de\/?page_id=1326\" data-timestamp=\"1707420269\" data-hidezero=\"1\" data-backendurl=\"?rest_route=\/shariff\/v1\/share_counts&\"><ul class=\"shariff-buttons theme-round orientation-horizontal buttonsize-medium\"><li class=\"shariff-button facebook shariff-nocustomcolor\" style=\"background-color:#4273c8\"><a href=\"https:\/\/www.facebook.com\/sharer\/sharer.php?u=https%3A%2F%2Frestgeraeusche.de%2F%3Fpage_id%3D1326\" title=\"Bei Facebook teilen\" aria-label=\"Bei Facebook teilen\" role=\"button\" rel=\"nofollow\" class=\"shariff-link\" style=\"; background-color:#3b5998; color:#fff\" target=\"_blank\"><span class=\"shariff-icon\" style=\"\"><svg width=\"32px\" height=\"20px\" xmlns=\"http:\/\/www.w3.org\/2000\/svg\" viewBox=\"0 0 18 32\"><path fill=\"#3b5998\" d=\"M17.1 0.2v4.7h-2.8q-1.5 0-2.1 0.6t-0.5 1.9v3.4h5.2l-0.7 5.3h-4.5v13.6h-5.5v-13.6h-4.5v-5.3h4.5v-3.9q0-3.3 1.9-5.2t5-1.8q2.6 0 4.1 0.2z\"\/><\/svg><\/span><span data-service=\"facebook\" style=\"color:#3b5998\" class=\"shariff-count shariff-hidezero\"><\/span>&nbsp;<\/a><\/li><li class=\"shariff-button twitter shariff-nocustomcolor\" style=\"background-color:#595959\"><a href=\"https:\/\/twitter.com\/share?url=https%3A%2F%2Frestgeraeusche.de%2F%3Fpage_id%3D1326&text=Endlosband\" title=\"Bei X teilen\" aria-label=\"Bei X teilen\" role=\"button\" rel=\"noopener nofollow\" class=\"shariff-link\" style=\"; background-color:#000; color:#fff\" target=\"_blank\"><span class=\"shariff-icon\" style=\"\"><svg width=\"32px\" height=\"20px\" xmlns=\"http:\/\/www.w3.org\/2000\/svg\" viewBox=\"0 0 24 24\"><path fill=\"#000\" d=\"M14.258 10.152L23.176 0h-2.113l-7.747 8.813L7.133 0H0l9.352 13.328L0 23.973h2.113l8.176-9.309 6.531 9.309h7.133zm-2.895 3.293l-.949-1.328L2.875 1.56h3.246l6.086 8.523.945 1.328 7.91 11.078h-3.246zm0 0\"\/><\/svg><\/span><\/a><\/li><li class=\"shariff-button info shariff-nocustomcolor\" style=\"background-color:#eee\"><a href=\"http:\/\/ct.de\/-2467514\" title=\"Weitere Informationen\" aria-label=\"Weitere Informationen\" role=\"button\" rel=\"noopener \" class=\"shariff-link\" style=\"; background-color:#fff; color:#fff\" target=\"_blank\"><span class=\"shariff-icon\" style=\"\"><svg width=\"32px\" height=\"20px\" xmlns=\"http:\/\/www.w3.org\/2000\/svg\" viewBox=\"0 0 11 32\"><path fill=\"#999\" d=\"M11.4 24v2.3q0 0.5-0.3 0.8t-0.8 0.4h-9.1q-0.5 0-0.8-0.4t-0.4-0.8v-2.3q0-0.5 0.4-0.8t0.8-0.4h1.1v-6.8h-1.1q-0.5 0-0.8-0.4t-0.4-0.8v-2.3q0-0.5 0.4-0.8t0.8-0.4h6.8q0.5 0 0.8 0.4t0.4 0.8v10.3h1.1q0.5 0 0.8 0.4t0.3 0.8zM9.2 3.4v3.4q0 0.5-0.4 0.8t-0.8 0.4h-4.6q-0.4 0-0.8-0.4t-0.4-0.8v-3.4q0-0.4 0.4-0.8t0.8-0.4h4.6q0.5 0 0.8 0.4t0.4 0.8z\"\/><\/svg><\/span><\/a><\/li><\/ul><\/div>","protected":false},"excerpt":{"rendered":"<p>Endlosband Radio Unerh\u00f6rt Marburg e.V. ist ein freies, unabh\u00e4ngiges, 24h-Radio. Das bedeutet, es existiert ein \u00bbRund-um-die-Uhr\u00ab-Programm aus dem Bereich Wort &amp; Musik. Als offenes Radio wird dieses Programm, im allgemeinen ohne Entlohnung, von freien Mitarbeiterinnen und Mitarbeitern erstellt. Entweder als Einzelperson oder Redaktion. Diese machen das f\u00fcr ihre (studentische) Ausbildung, z.B. im Bereich Medien, oder&#8230; <a class=\"moretag\" href=\"https:\/\/restgeraeusche.de\/?page_id=1326\">Weiter lesen &raquo;<\/a><\/p>\n","protected":false},"author":1,"featured_media":0,"parent":0,"menu_order":0,"comment_status":"closed","ping_status":"closed","template":"","meta":{"footnotes":""},"class_list":["post-1326","page","type-page","status-publish","hentry"],"_links":{"self":[{"href":"https:\/\/restgeraeusche.de\/index.php?rest_route=\/wp\/v2\/pages\/1326","targetHints":{"allow":["GET"]}}],"collection":[{"href":"https:\/\/restgeraeusche.de\/index.php?rest_route=\/wp\/v2\/pages"}],"about":[{"href":"https:\/\/restgeraeusche.de\/index.php?rest_route=\/wp\/v2\/types\/page"}],"author":[{"embeddable":true,"href":"https:\/\/restgeraeusche.de\/index.php?rest_route=\/wp\/v2\/users\/1"}],"replies":[{"embeddable":true,"href":"https:\/\/restgeraeusche.de\/index.php?rest_route=%2Fwp%2Fv2%2Fcomments&post=1326"}],"version-history":[{"count":14,"href":"https:\/\/restgeraeusche.de\/index.php?rest_route=\/wp\/v2\/pages\/1326\/revisions"}],"predecessor-version":[{"id":1547,"href":"https:\/\/restgeraeusche.de\/index.php?rest_route=\/wp\/v2\/pages\/1326\/revisions\/1547"}],"wp:attachment":[{"href":"https:\/\/restgeraeusche.de\/index.php?rest_route=%2Fwp%2Fv2%2Fmedia&parent=1326"}],"curies":[{"name":"wp","href":"https:\/\/api.w.org\/{rel}","templated":true}]}}