{"id":458,"date":"2021-11-08T21:13:03","date_gmt":"2021-11-08T19:13:03","guid":{"rendered":"https:\/\/restgeraeusche.de\/?page_id=458"},"modified":"2023-10-20T20:18:52","modified_gmt":"2023-10-20T18:18:52","slug":"rest","status":"publish","type":"page","link":"https:\/\/restgeraeusche.de\/?page_id=458","title":{"rendered":"rest\/ger\u00e4usche"},"content":{"rendered":"<p style=\"text-align: center;\"><span style=\"font-size: 14pt; font-family: arial, helvetica, sans-serif;\"><strong>rest\/ger\u00e4usche<\/strong><\/span><\/p>\n<p style=\"text-align: justify;\"><img loading=\"lazy\" decoding=\"async\" class=\"alignleft wp-image-511\" src=\"https:\/\/restgeraeusche.de\/wp-content\/uploads\/2021\/11\/pulsar.jpg\" alt=\"\" width=\"250\" height=\"250\" srcset=\"https:\/\/restgeraeusche.de\/wp-content\/uploads\/2021\/11\/pulsar.jpg 300w, https:\/\/restgeraeusche.de\/wp-content\/uploads\/2021\/11\/pulsar-150x150.jpg 150w\" sizes=\"auto, (max-width: 250px) 100vw, 250px\" \/>Du wirst dich vielleicht fragen: Wieso hei\u00dft die Sendung rest\/ger\u00e4usche? Und was erwartet mich als geneigten H\u00f6rer resp. geneigte H\u00f6rerin? Dazu m\u00fcsste man eigentlich etwas ausholen, aber keine Sorge. Das mach ich selbstverst\u00e4ndlich nicht. Sonst wird Frank Zappa b\u00f6se. \ud83d\ude42 Also ganz kurz: Es geht um elektronische Musik in all ihren Facetten. Auch in ihren diversen, subtilen, Varianten &#8211; inkl. Crossover. Das Ziel ist, z.B. experimentellen St\u00fccken aus den 1970ern gleichberechtigt aktuellen St\u00fccken gegen\u00fcberzusetzen und dabei einen Spannungsbogen zu erzeugen. Dabei gibt es auch immer wieder mal einen gezielten Blick auf einen K\u00fcnstler resp. einer K\u00fcnstlerin, ein Projekt, ein Stil (im elektronischen Bereich sind die Musikstile bekannterma\u00dfen mannigfaltig und breit ges\u00e4t) oder ein Label. Grunds\u00e4tzlich ist im Rahmen der elektronischen Musik (fast) alles erlaubt. Vorwiegend wird von Vinyl gespielt, die Wiedergabe digitaler Medien ist selbstverst\u00e4ndlich nicht ausgeschlossen. Mitschnitte der Sendungen k\u00f6nnen zeitlich begrenzt direkt von dieser Seite heruntergeladen werden.<\/p>\n<p>Alles weitere unter findest du in der Auswahl der Men\u00fcleiste (oder direkt hier):<\/p>\n<p><a href=\"https:\/\/restgeraeusche.de\/category\/sendungen\" target=\"_blank\" rel=\"noopener\">Sendungen (Vorschau)<\/a> (hier findest du alle Informationen zur bevorstehenden Sendungen)<br \/>\n<a href=\"https:\/\/restgeraeusche.de\/category\/podcast\">Playlist (RG)<\/a> (Playlist der aktuellen und vorangegangenen Sendungen)<\/p>\n<p style=\"text-align: justify;\"><em>Zuk\u00fcnftig geplant ist, DJs, K\u00fcnstler und H\u00f6rer der Sendung einzuladen. Die dann ihre Playlist und vielleicht auch ihre Gedanken dazu zum Besten geben d\u00fcrfen. In Zeiten von \u00bbSocial Media\u00ab ist auch eine Seite auf <a href=\"https:\/\/www.facebook.com\/restgeraeusche\" target=\"_blank\" rel=\"noopener\">Facebook<\/a> geschaltet. Hier k\u00f6nnen H\u00f6rer und H\u00f6rerinnen direkt w\u00e4hrend der Sendung ihre Kritiken, Anregungen und nat\u00fcrlich auch Lob posten. Selbstverst\u00e4ndlich auch wenn keine Sendung ist. Dort werden auch die Playlisten der einzelnen Sendungen ver\u00f6ffentlicht.<br \/>\n<\/em><\/p>\n<p>Stand: 10. November 2021, \u00fcberarbeitet am 13. April 2022, 04. Mai 2022, 20. Oktober 2023<\/p>\n<div class=\"shariff shariff-align-left shariff-widget-align-left\" data-services=\"facebook\" data-url=\"https:\/\/restgeraeusche.de\/?page_id=458\" data-timestamp=\"1697833132\" data-hidezero=\"1\" data-backendurl=\"?rest_route=\/shariff\/v1\/share_counts&\"><ul class=\"shariff-buttons theme-round orientation-horizontal buttonsize-medium\"><li class=\"shariff-button facebook shariff-nocustomcolor\" style=\"background-color:#4273c8\"><a href=\"https:\/\/www.facebook.com\/sharer\/sharer.php?u=https%3A%2F%2Frestgeraeusche.de%2F%3Fpage_id%3D458\" title=\"Bei Facebook teilen\" aria-label=\"Bei Facebook teilen\" role=\"button\" rel=\"nofollow\" class=\"shariff-link\" style=\"; background-color:#3b5998; color:#fff\" target=\"_blank\"><span class=\"shariff-icon\" style=\"\"><svg width=\"32px\" height=\"20px\" xmlns=\"http:\/\/www.w3.org\/2000\/svg\" viewBox=\"0 0 18 32\"><path fill=\"#3b5998\" d=\"M17.1 0.2v4.7h-2.8q-1.5 0-2.1 0.6t-0.5 1.9v3.4h5.2l-0.7 5.3h-4.5v13.6h-5.5v-13.6h-4.5v-5.3h4.5v-3.9q0-3.3 1.9-5.2t5-1.8q2.6 0 4.1 0.2z\"\/><\/svg><\/span><span data-service=\"facebook\" style=\"color:#3b5998\" class=\"shariff-count shariff-hidezero\"><\/span>&nbsp;<\/a><\/li><li class=\"shariff-button twitter shariff-nocustomcolor\" style=\"background-color:#595959\"><a href=\"https:\/\/twitter.com\/share?url=https%3A%2F%2Frestgeraeusche.de%2F%3Fpage_id%3D458&text=rest%2Fger%C3%A4usche\" title=\"Bei X teilen\" aria-label=\"Bei X teilen\" role=\"button\" rel=\"noopener nofollow\" class=\"shariff-link\" style=\"; background-color:#000; color:#fff\" target=\"_blank\"><span class=\"shariff-icon\" style=\"\"><svg width=\"32px\" height=\"20px\" xmlns=\"http:\/\/www.w3.org\/2000\/svg\" viewBox=\"0 0 24 24\"><path fill=\"#000\" d=\"M14.258 10.152L23.176 0h-2.113l-7.747 8.813L7.133 0H0l9.352 13.328L0 23.973h2.113l8.176-9.309 6.531 9.309h7.133zm-2.895 3.293l-.949-1.328L2.875 1.56h3.246l6.086 8.523.945 1.328 7.91 11.078h-3.246zm0 0\"\/><\/svg><\/span><\/a><\/li><li class=\"shariff-button info shariff-nocustomcolor\" style=\"background-color:#eee\"><a href=\"http:\/\/ct.de\/-2467514\" title=\"Weitere Informationen\" aria-label=\"Weitere Informationen\" role=\"button\" rel=\"noopener \" class=\"shariff-link\" style=\"; background-color:#fff; color:#fff\" target=\"_blank\"><span class=\"shariff-icon\" style=\"\"><svg width=\"32px\" height=\"20px\" xmlns=\"http:\/\/www.w3.org\/2000\/svg\" viewBox=\"0 0 11 32\"><path fill=\"#999\" d=\"M11.4 24v2.3q0 0.5-0.3 0.8t-0.8 0.4h-9.1q-0.5 0-0.8-0.4t-0.4-0.8v-2.3q0-0.5 0.4-0.8t0.8-0.4h1.1v-6.8h-1.1q-0.5 0-0.8-0.4t-0.4-0.8v-2.3q0-0.5 0.4-0.8t0.8-0.4h6.8q0.5 0 0.8 0.4t0.4 0.8v10.3h1.1q0.5 0 0.8 0.4t0.3 0.8zM9.2 3.4v3.4q0 0.5-0.4 0.8t-0.8 0.4h-4.6q-0.4 0-0.8-0.4t-0.4-0.8v-3.4q0-0.4 0.4-0.8t0.8-0.4h4.6q0.5 0 0.8 0.4t0.4 0.8z\"\/><\/svg><\/span><\/a><\/li><\/ul><\/div>","protected":false},"excerpt":{"rendered":"<p>rest\/ger\u00e4usche Du wirst dich vielleicht fragen: Wieso hei\u00dft die Sendung rest\/ger\u00e4usche? Und was erwartet mich als geneigten H\u00f6rer resp. geneigte H\u00f6rerin? Dazu m\u00fcsste man eigentlich etwas ausholen, aber keine Sorge. Das mach ich selbstverst\u00e4ndlich nicht. Sonst wird Frank Zappa b\u00f6se. \ud83d\ude42 Also ganz kurz: Es geht um elektronische Musik in all ihren Facetten. Auch in&#8230; <a class=\"moretag\" href=\"https:\/\/restgeraeusche.de\/?page_id=458\">Weiter lesen &raquo;<\/a><\/p>\n","protected":false},"author":1,"featured_media":0,"parent":0,"menu_order":0,"comment_status":"closed","ping_status":"closed","template":"","meta":{"footnotes":""},"class_list":["post-458","page","type-page","status-publish","hentry"],"_links":{"self":[{"href":"https:\/\/restgeraeusche.de\/index.php?rest_route=\/wp\/v2\/pages\/458","targetHints":{"allow":["GET"]}}],"collection":[{"href":"https:\/\/restgeraeusche.de\/index.php?rest_route=\/wp\/v2\/pages"}],"about":[{"href":"https:\/\/restgeraeusche.de\/index.php?rest_route=\/wp\/v2\/types\/page"}],"author":[{"embeddable":true,"href":"https:\/\/restgeraeusche.de\/index.php?rest_route=\/wp\/v2\/users\/1"}],"replies":[{"embeddable":true,"href":"https:\/\/restgeraeusche.de\/index.php?rest_route=%2Fwp%2Fv2%2Fcomments&post=458"}],"version-history":[{"count":50,"href":"https:\/\/restgeraeusche.de\/index.php?rest_route=\/wp\/v2\/pages\/458\/revisions"}],"predecessor-version":[{"id":1452,"href":"https:\/\/restgeraeusche.de\/index.php?rest_route=\/wp\/v2\/pages\/458\/revisions\/1452"}],"wp:attachment":[{"href":"https:\/\/restgeraeusche.de\/index.php?rest_route=%2Fwp%2Fv2%2Fmedia&parent=458"}],"curies":[{"name":"wp","href":"https:\/\/api.w.org\/{rel}","templated":true}]}}